3
What is the units digit of 87361?
1
What is the units digit of 3717?
7
What is the thousands digit of 10024?
0
What is the ten thousands digit of 35634?
3
What is the units digit of 24459?
9
What is the hundreds digit of 13022?
0
What is the tens digit of 36624?
2
What is the tens digit of 13536?
3
What is the tens digit of 39017?
1
What is the hundreds digit of 1040?
0
What is the ten thousands digit of 13235?
1
What is the tens digit of 8675?
7
What is the hundreds digit of 33370?
3
What is the thousands digit of 42411?
2
What is the hundreds digit of 40020?
0
What is the thousands digit of 6218?
6
What is the tens digit of 2917?
1
What is the units digit of 5604?
4
What is the thousands digit of 66269?
6
What is the thousands digit of 17534?
7
What is the thousands digit of 26325?
6
What is the tens digit of 737?
3
What is the hundreds digit of 121?
1
What is the units digit of 1498?
8
What is the tens digit of 1408?
0
What is the hundreds digit of 1873?
8
What is the tens digit of 1490?
9
What is the thousands digit of 3252?
3
What is the tens digit of 2570?
7
What is the hundreds digit of 4120?
1
What is the tens digit of 4193?
9
What is the units digit of 23?
3
What is the hundreds digit of 132?
1
What is the tens digit of 28895?
9
What is the units digit of 40535?
5
What is the units digit of 5194?
4
What is the hundreds digit of 4941?
9
What is the units digit of 91496?
6
What is the hundreds digit of 31267?
2
What is the units digit of 101366?
6
What is the tens digit of 4196?
9
What is the hundreds digit of 134755?
7
What is the hundreds digit of 2156?
1
What is the units digit of 1184?
4
What is the hundreds digit of 316?
3
What is the thousands digit of 5966?
5
What is the thousands digit of 4738?
4
What is the hundreds digit of 2489?
4
What is the hundreds digit of 1304?
3
What is the units digit of 747?
7
What is the thousands digit of 79897?
9
What is the thousands digit of 103446?
3
What is the hundreds digit of 8283?
2
What is the tens digit of 45549?
4
What is the units digit of 5305?
5
What is the hundreds digit of 5502?
5
What is the tens digit of 1975?
7
What is the hundreds digit of 1710?
7
What is the tens digit of 8452?
5
What is the units digit of 306?
6
What is the tens digit of 4044?
4
What is the ten thousands digit of 126772?
2
What is the ten thousands digit of 21545?
2
What is the ten thousands digit of 20453?
2
What is the hundreds digit of 638?
6
What is the hundreds digit of 2317?
3
What is the units digit of 213?
3
What is the hundreds digit of 23010?
0
What is the units digit of 539?
9
What is the hundreds digit of 1950?
9
What is the hundreds digit of 398?
3
What is the tens digit of 301?
0
What is the hundreds digit of 103?
1
What is the tens digit of 472?
7
What is the thousands digit of 24943?
4
What is the thousands digit of 44282?
4
What is the hundreds digit of 354?
3
What is the hundreds digit of 14086?
0
What is the hundreds digit of 429?
4
What is the thousands digit of 1396?
1
What is the thousands digit of 1305?
1
What is the hundreds digit of 1483?
4
What is the tens digit of 1117?
1
What is the tens digit of 1296?
9
What is the hundreds digit of 1615?
6
What is the hundred thousands digit of 178343?
1
What is the tens digit of 164356?
5
What is the hundreds digit of 862?
8
What is the tens digit of 470?
7
What is the units digit of 2280?
0
What is the hundreds digit of 2893?
8
What is the ten thousands digit of 19877?
1
What is the tens digit of 165605?
0
What is the ten thousands digit of 15752?
1
What is the hundreds digit of 7362?
3
What is the units digit of 85176?
6
What is the units digit of 2004?
4
What is the units digit of 11355?
5
What is the hundreds digit of 921?
9
What is the units digit of 2592?
2
What is the hundreds digit of 11556?
5
What is the hundreds digit of 137?
1
What is the hundreds digit of 10712?
7
What is the tens digit of 413?
1
What is the tens digit of 38017?
1
What is the units digit of 5122?
2
What is the hundreds digit of 1445?
4
What is the thousands digit of 3372?
3
What is the units digit of 1228?
8
What is the tens digit of 6396?
9
What is the hundreds digit of 344?
3
What is the units digit of 2778?
8
What is the ten thousands digit of 17833?
1
What is the thousands digit of 12801?
2
What is the units digit of 353?
3
What is the thousands digit of 7707?
7
What is the hundreds digit of 47535?
5
What is the units digit of 1809?
9
What is the thousands digit of 5676?
5
What is the thousands digit of 79777?
9
What is the ten thousands digit of 13396?
1
What is the hundreds digit of 723?
7
What is the tens digit of 79057?
5
What is the tens digit of 700?
0
What is the thousands digit of 1831?
1
What is the thousands digit of 1190?
1
What is the thousands digit of 3277?
3
What is the units digit of 5800?
0
What is the hundreds digit of 202?
2
What is the units digit of 629?
9
What is the tens digit of 82786?
8
What is the tens digit of 1806?
0
What is the hundreds digit of 24462?
4
What is the units digit of 4664?
4
What is the units digit of 28791?
1
What is the hundreds digit of 2448?
4
What is the units digit of 17948?
8
What is the hundreds digit of 3174?
1
What is the units digit of 4696?
6
What is the tens digit of 1065?
6
What is the units digit of 310?
0
What is the tens digit of 995?
9
What is the thousands digit of 50442?
0
What is the ten thousands digit of 18712?
1
What is the units digit of 16329?
9
What is the tens digit of 119069?
6
What is the units digit of 3247?
7
What is the ten thousands digit of 139322?
3
What is the thousands digit of 13963?
3
What is the thousands digit of 35403?
5
What is the units digit of 2170?
0
What is the hundreds digit of 14380?
3
What is the tens digit of 74223?
2
What is the units digit of 130?
0
What is the units digit of 115716?
6
What is the thousands digit of 37206?
7
What is the units digit of 9681?
1
What is the thousands digit of 1277?
1
What is the tens digit of 2175?
7
What is the thousands digit of 37791?
7
What is the units digit of 3613?
3
What is the units digit of 35346?
6
What is the tens digit of 17954?
5
What is the hundreds digit of 504?
5
What is the hundreds digit of 1485?
4
What is the hundreds digit of 438?
4
What is the thousands digit of 4845?
4
What is the hundred thousands digit of 123422?
1
What is the units digit of 30422?
2
What is the hundreds digit of 428?
4
What is the thousands digit of 8313?
8
What is the tens digit of 4097?
9
What is the thousands digit of 3341?
3
What is the hundreds digit of 4422?
4
What is the thousands digit of 2604?
2
What is the tens digit of 8950?
5
What is the tens digit of 992?
9
What is the hundreds digit of 10482?
4
What is the tens digit of 5044?
4
What is the hundreds digit of 3578?
5
What is the hundreds digit of 9632?
6
What is the hundreds digit of 1020?
0
What is the units digit of 1153?
3
What is the tens digit of 1848?
4
What is the units digit of 379?
9
What is the tens digit of 28819?
1
What is the hundreds digit of 9836?
8
What is the tens digit of 7673?
7
What is the tens digit of 901?
0
What is the ten thousands digit of 77902?
7
What is the units digit of 3920?
0
What is the thousands digit of 2299?
2
What is the units digit of 3433?
3
What is the ten thousands digit of 37788?
3
What is the thousands digit of 22656?
2
What is the thousands digit of 3089?
3
What is the hundreds digit of 29233?
2
What is the units digit of 64?
4
What is the tens digit of 45346?
4
What is the hundreds digit of 2535?
5
What is the tens digit of 760?
6
What is the thousands digit of 14991?
4
What is the tens digit of 12630?
3
What is the tens digit of 30879?
7
What is the thousands digit of 46888?
6
What is the thousands digit of 54041?
4
What is the thousands digit of 5786?
5
What is the thousands digit of 1002?
1
What is the thousands digit of 42581?
2
What is the units digit of 41051?
1
What is the units digit of 3556?
6
What is the thousands digit of 8643?
8
What is the hundreds digit of 21151?
1
What is the units digit of 1246?
6
What is the ten thousands digit of 11214?
1
What is the thousands digit of 1360?
1
What is the thousands digit of 75792?
5
What is the units digit of 48399?
9
What is the tens digit of 3923?
2
What is the tens digit of 1691